{"id":230,"date":"2026-03-09T12:27:08","date_gmt":"2026-03-09T12:27:08","guid":{"rendered":"https:\/\/peauxdebananes.fr\/?page_id=230"},"modified":"2026-03-12T09:07:48","modified_gmt":"2026-03-12T09:07:48","slug":"hey-viens-voir-ce-que-je-fais","status":"publish","type":"page","link":"https:\/\/peauxdebananes.fr\/index.php\/hey-viens-voir-ce-que-je-fais\/","title":{"rendered":"Hey, viens voir ce que je fais !"},"content":{"rendered":"\n<p class=\"has-luminous-vivid-orange-color has-luminous-vivid-amber-background-color has-text-color has-background has-link-color has-medium-font-size wp-elements-95450afcaabd46d317e63b0708c351a1\" id=\"block-cbcedcc2-d73a-4942-a90d-f271e4dafa9a\">&#8211;<strong>Les sac bananes<\/strong> :<\/p>\n\n\n\n<p class=\"has-medium-font-size\">On ouvre le d\u00e9bat : <strong>\u00ab\u00a0comment porter le sac banane ?\u00a0\u00bb<\/strong><\/p>\n\n\n\n<p class=\"has-medium-font-size\">En bandouli\u00e8re ou \u00e0 la ceinture ??? Clairement on s&rsquo;en moque non ? Allez hop, fin du d\u00e9bat. \u00c7a d\u00e9gage.<\/p>\n\n\n\n<p class=\"has-medium-font-size\">Le vrai sujet c&rsquo;est celui des mati\u00e8res pour ces petites p\u00e9pites. Je prends soin, pour chaque banane, de faire matcher deux coloris et\/ou deux mati\u00e8res qui n&rsquo;iraient pas forc\u00e9ment ensemble au premier coup d&rsquo;oeil. <\/p>\n\n\n\n<p class=\"has-medium-font-size\">C&rsquo;est bien l\u00e0 toute la beaut\u00e9 qui s&rsquo;offre \u00e0 toi. J&rsquo;essaie de cr\u00e9er la surprise \u00e0 chaque fois que tu ouvriras ta banane ! Une journ\u00e9e pleine de rebondissement !! (l&rsquo;int\u00e9rieur ne changera pas, \u00e7a sert \u00e0 rien de l&rsquo;ouvrir\/fermer fr\u00e9n\u00e9tiquement&#8230;)<\/p>\n\n\n\n<p class=\"has-medium-font-size\" id=\"block-276a237d-47ce-4fe5-a5e2-129875d2d7b2\">-Une \u00ab\u00a0normale\u00a0\u00bb de 30cm environ. De quoi ranger ton bazar miniature.<\/p>\n\n\n\n<p class=\"has-medium-font-size\" id=\"block-ef97fe4d-730d-459a-9853-fd8ff2959006\">-Une XL (que j&rsquo;appelle aussi la banane weekend) d&rsquo;environ 50cm. L\u00e0 tu acc\u00e8de \u00e0 un T3 bien optimis\u00e9. Pour te donner une id\u00e9e : deux bouteilles de vin \u00e7a passe. Voil\u00e0 voil\u00e0&#8230;<\/p>\n\n\n\n<p class=\"has-medium-font-size\">Il y a aussi, de temps en temps, des <strong>bananes sp\u00e9ciales<\/strong>. Elles sont cousues avec un seul et m\u00eame tissu, g\u00e9n\u00e9ralement une veste. Je r\u00e9cup\u00e8re tout ce que je peux r\u00e9cup\u00e9rer (fermeture, gadgets, bouton pression, sangles, etc.) et je recouds le tout : <\/p>\n\n\n\n<div class=\"wp-block-columns is-layout-flex wp-container-core-columns-is-layout-9d6595d7 wp-block-columns-is-layout-flex\">\n<div class=\"wp-block-column is-layout-flow wp-block-column-is-layout-flow\">\n<figure class=\"wp-block-image size-large is-style-default\"><img loading=\"lazy\" decoding=\"async\" width=\"576\" height=\"1024\" src=\"https:\/\/peauxdebananes.fr\/wp-content\/uploads\/2026\/03\/D535758D-C390-4D63-AA36-D82D84C0A590-576x1024.jpeg\" alt=\"\" class=\"wp-image-253\" srcset=\"https:\/\/peauxdebananes.fr\/wp-content\/uploads\/2026\/03\/D535758D-C390-4D63-AA36-D82D84C0A590-576x1024.jpeg 576w, https:\/\/peauxdebananes.fr\/wp-content\/uploads\/2026\/03\/D535758D-C390-4D63-AA36-D82D84C0A590-169x300.jpeg 169w, https:\/\/peauxdebananes.fr\/wp-content\/uploads\/2026\/03\/D535758D-C390-4D63-AA36-D82D84C0A590-768x1365.jpeg 768w, https:\/\/peauxdebananes.fr\/wp-content\/uploads\/2026\/03\/D535758D-C390-4D63-AA36-D82D84C0A590-864x1536.jpeg 864w, https:\/\/peauxdebananes.fr\/wp-content\/uploads\/2026\/03\/D535758D-C390-4D63-AA36-D82D84C0A590-1152x2048.jpeg 1152w, https:\/\/peauxdebananes.fr\/wp-content\/uploads\/2026\/03\/D535758D-C390-4D63-AA36-D82D84C0A590-scaled.jpeg 1440w\" sizes=\"auto, (max-width: 576px) 100vw, 576px\" \/><\/figure>\n<\/div>\n\n\n\n<div class=\"wp-block-column is-layout-flow wp-block-column-is-layout-flow\">\n<figure class=\"wp-block-image size-large\"><img loading=\"lazy\" decoding=\"async\" width=\"1024\" height=\"576\" src=\"https:\/\/peauxdebananes.fr\/wp-content\/uploads\/2026\/03\/328130A3-5835-4FA3-8B55-B418629F05B2-1024x576.jpeg\" alt=\"\" class=\"wp-image-252\" srcset=\"https:\/\/peauxdebananes.fr\/wp-content\/uploads\/2026\/03\/328130A3-5835-4FA3-8B55-B418629F05B2-1024x576.jpeg 1024w, https:\/\/peauxdebananes.fr\/wp-content\/uploads\/2026\/03\/328130A3-5835-4FA3-8B55-B418629F05B2-300x169.jpeg 300w, https:\/\/peauxdebananes.fr\/wp-content\/uploads\/2026\/03\/328130A3-5835-4FA3-8B55-B418629F05B2-768x432.jpeg 768w, https:\/\/peauxdebananes.fr\/wp-content\/uploads\/2026\/03\/328130A3-5835-4FA3-8B55-B418629F05B2-1536x864.jpeg 1536w, https:\/\/peauxdebananes.fr\/wp-content\/uploads\/2026\/03\/328130A3-5835-4FA3-8B55-B418629F05B2-2048x1152.jpeg 2048w\" sizes=\"auto, (max-width: 706px) 89vw, (max-width: 767px) 82vw, 740px\" \/><\/figure>\n\n\n\n<figure class=\"wp-block-image size-large\"><img loading=\"lazy\" decoding=\"async\" width=\"1024\" height=\"962\" src=\"https:\/\/peauxdebananes.fr\/wp-content\/uploads\/2026\/03\/IMG_3510-1024x962.jpeg\" alt=\"\" class=\"wp-image-251\" srcset=\"https:\/\/peauxdebananes.fr\/wp-content\/uploads\/2026\/03\/IMG_3510-1024x962.jpeg 1024w, https:\/\/peauxdebananes.fr\/wp-content\/uploads\/2026\/03\/IMG_3510-300x282.jpeg 300w, https:\/\/peauxdebananes.fr\/wp-content\/uploads\/2026\/03\/IMG_3510-768x722.jpeg 768w, https:\/\/peauxdebananes.fr\/wp-content\/uploads\/2026\/03\/IMG_3510-1536x1444.jpeg 1536w, https:\/\/peauxdebananes.fr\/wp-content\/uploads\/2026\/03\/IMG_3510-2048x1925.jpeg 2048w\" sizes=\"auto, (max-width: 706px) 89vw, (max-width: 767px) 82vw, 740px\" \/><\/figure>\n<\/div>\n<\/div>\n\n\n\n<hr class=\"wp-block-separator has-alpha-channel-opacity is-style-wide\"\/>\n\n\n\n<p class=\"has-luminous-vivid-orange-color has-pale-cyan-blue-background-color has-text-color has-background has-link-color has-medium-font-size wp-elements-43dbb7c7a98876e722b32f339b92253c\" id=\"block-ae6921f8-118c-4860-b50a-a3e16eee8fba\"><strong>-Les Kimonos<\/strong> :<\/p>\n\n\n\n<p class=\"has-medium-font-size\">L\u00e0\u00e0\u00e0\u00e0\u00e0\u00e0\u00e0, l\u00e0 on est sur un lifestyle affirm\u00e9. Les kimonos c&rsquo;est le S&#8230;Le J&#8230;le K&#8230; non.. bref&#8230;<\/p>\n\n\n\n<p class=\"has-medium-font-size\">Question fr\u00e9quente : <strong>\u00ab\u00a0Qu&rsquo;est-ce que les gens vont penser de quelqu&rsquo;un qui se pavane en kimono dans la rue\/maison\/festival ?\u00a0\u00bb<\/strong><\/p>\n\n\n\n<p class=\"has-medium-font-size\">On se r\u00e9pond avec tout le bon sens possible : <strong>\u00ab\u00a0c&rsquo;est juste styl\u00e9, y&rsquo;a pas de danger, je ne g\u00e8ne personne, donc je m&rsquo;en fous\u00a0\u00bb<\/strong> (et qui peut s&rsquo;octroyer le droit de me juger ?? QUI BORDEL ! je fais ce que je veux de mon corps).<\/p>\n\n\n\n<p class=\"has-medium-font-size\">Et bien le <strong>kimono<\/strong> devient plus qu&rsquo;un v\u00eatement, c&rsquo;est un <strong>alli\u00e9<\/strong> qui porte fi\u00e8rement cette phrase pour vous : \u00ab\u00a0j&rsquo;aime m&rsquo;habiller comme je veux, je me fout de ton avis\u00a0\u00bb (si c&rsquo;est une remarque n\u00e9gative, \u00e9videmment.)<\/p>\n\n\n\n<p class=\"has-medium-font-size\">Si c&rsquo;est positif vous lui donnerez imm\u00e9diatement mon contact. \u00c7a va de soi. (Je le saurai tout de suite si vous ne le faites pas et je vous traquerai sans rel\u00e2che&#8230;)<\/p>\n\n\n\n<figure class=\"wp-block-image size-large\"><img decoding=\"async\" src=\"https:\/\/peauxdebananes.fr\/wp-content\/uploads\/2026\/03\/IMG_3688-1-768x1024.jpeg\" alt=\"\" class=\"wp-image-255\"\/><\/figure>\n\n\n\n<p class=\"has-medium-font-size\" id=\"block-2ba71280-3b23-44d6-bfec-2ea9b28ac191\">Les tailles peuvent varier. G\u00e9n\u00e9ralement je couds du M\/L (longueur 100cm depuis les \u00e9paule, largeur 70cm entre les \u00e9paules). \u00c7a peut \u00eatre du sur-mesure si t&rsquo;as un projet en t\u00eate et que tu as un tissu que tu veux transformer.<\/p>\n\n\n\n<p class=\"has-medium-font-size\" id=\"block-8b0bf668-51a0-43f8-8850-49ac720d7e44\">C&rsquo;est un v\u00eatement qui se porte ample, souple et flottant&#8230;donc les mani\u00e8res de les porter sont nombreuses. \u00c7a peut \u00eatre au ras des chevilles ou mi cuisse, \u00e9paules tombantes ou non&#8230;bref, t&rsquo;as capt\u00e9.<\/p>\n\n\n\n<p class=\"has-medium-font-size\" id=\"block-6285d67e-ea1c-4837-9513-10eace64a789\">PS : je fais aussi des robes de chambre quand je chope le tissu qui s&rsquo;y pr\u00eate :<\/p>\n\n\n\n<div class=\"wp-block-columns is-layout-flex wp-container-core-columns-is-layout-9d6595d7 wp-block-columns-is-layout-flex\">\n<div class=\"wp-block-column is-layout-flow wp-block-column-is-layout-flow\">\n<figure class=\"wp-block-image size-large\"><img loading=\"lazy\" decoding=\"async\" width=\"709\" height=\"1024\" src=\"https:\/\/peauxdebananes.fr\/wp-content\/uploads\/2026\/03\/IMG_3082-709x1024.jpeg\" alt=\"\" class=\"wp-image-254\" srcset=\"https:\/\/peauxdebananes.fr\/wp-content\/uploads\/2026\/03\/IMG_3082-709x1024.jpeg 709w, https:\/\/peauxdebananes.fr\/wp-content\/uploads\/2026\/03\/IMG_3082-208x300.jpeg 208w, https:\/\/peauxdebananes.fr\/wp-content\/uploads\/2026\/03\/IMG_3082-768x1109.jpeg 768w, https:\/\/peauxdebananes.fr\/wp-content\/uploads\/2026\/03\/IMG_3082-1064x1536.jpeg 1064w, https:\/\/peauxdebananes.fr\/wp-content\/uploads\/2026\/03\/IMG_3082-1419x2048.jpeg 1419w, https:\/\/peauxdebananes.fr\/wp-content\/uploads\/2026\/03\/IMG_3082-scaled.jpeg 1773w\" sizes=\"auto, (max-width: 709px) 100vw, 709px\" \/><\/figure>\n<\/div>\n<\/div>\n\n\n\n<hr class=\"wp-block-separator has-alpha-channel-opacity is-style-wide\"\/>\n\n\n\n<p class=\"has-luminous-vivid-orange-color has-vivid-green-cyan-background-color has-text-color has-background has-link-color has-medium-font-size wp-elements-d63607e299961b6a4ecc51187eea962c\" id=\"block-c25ed353-1e24-4bdf-a16d-60a00b271131\"><strong>Les vestes :<\/strong><\/p>\n\n\n\n<p class=\"has-medium-font-size\">Toutes les veste sont uniques. Il n&rsquo;y a pas deux mod\u00e8les similaires. Elles peuvent \u00eatre avec ou sans manche.<\/p>\n\n\n\n<p class=\"has-medium-font-size\">J&rsquo;essaie de cr\u00e9er des vestes amples, dans lesquelles on se sent bien. Je favorise les mati\u00e8res douces ou soyeuses. Je mixe le tout avec des \u00e9l\u00e9ments qui tranchent avec le tissu de base.<\/p>\n\n\n\n<p class=\"has-medium-font-size\" id=\"block-2cd66a66-87f9-4070-9051-4b92d9b2e067\">Je choisis g\u00e9n\u00e9ralement des tissus remarquables (dans le sens o\u00f9 on les voit de loin&#8230;) et des mati\u00e8res bien confortables.<\/p>\n\n\n\n<p class=\"has-medium-font-size\" id=\"block-09763b6d-6cea-4883-b42f-e300374e1b8f\">Pour les tailles, globalement c&rsquo;est du M\/L aussi. J&rsquo;adapte \u00e9videmment si c&rsquo;est un projet perso&#8230;obv.<\/p>\n\n\n\n<div class=\"wp-block-columns is-layout-flex wp-container-core-columns-is-layout-9d6595d7 wp-block-columns-is-layout-flex\">\n<div class=\"wp-block-column is-layout-flow wp-block-column-is-layout-flow\">\n<figure class=\"wp-block-image size-large\"><img loading=\"lazy\" decoding=\"async\" width=\"642\" height=\"1024\" src=\"https:\/\/peauxdebananes.fr\/wp-content\/uploads\/2026\/03\/IMG_4480-1-642x1024.jpeg\" alt=\"\" class=\"wp-image-259\" srcset=\"https:\/\/peauxdebananes.fr\/wp-content\/uploads\/2026\/03\/IMG_4480-1-642x1024.jpeg 642w, https:\/\/peauxdebananes.fr\/wp-content\/uploads\/2026\/03\/IMG_4480-1-188x300.jpeg 188w, https:\/\/peauxdebananes.fr\/wp-content\/uploads\/2026\/03\/IMG_4480-1-768x1225.jpeg 768w, https:\/\/peauxdebananes.fr\/wp-content\/uploads\/2026\/03\/IMG_4480-1-963x1536.jpeg 963w, https:\/\/peauxdebananes.fr\/wp-content\/uploads\/2026\/03\/IMG_4480-1.jpeg 1079w\" sizes=\"auto, (max-width: 642px) 100vw, 642px\" \/><\/figure>\n<\/div>\n\n\n\n<div class=\"wp-block-column is-layout-flow wp-block-column-is-layout-flow\">\n<figure class=\"wp-block-image size-large\"><img decoding=\"async\" src=\"https:\/\/peauxdebananes.fr\/wp-content\/uploads\/2026\/03\/IMG_4498-576x1024.jpeg\" alt=\"\" class=\"wp-image-260\"\/><\/figure>\n<\/div>\n<\/div>\n","protected":false},"excerpt":{"rendered":"<p>&#8211;Les sac bananes : On ouvre le d\u00e9bat : \u00ab\u00a0comment porter le sac banane ?\u00a0\u00bb En bandouli\u00e8re ou \u00e0 la ceinture ??? Clairement on s&rsquo;en moque non ? Allez hop, fin du d\u00e9bat. \u00c7a d\u00e9gage. Le vrai sujet c&rsquo;est celui des mati\u00e8res pour ces petites p\u00e9pites. Je prends soin, pour chaque banane, de faire matcher &hellip; <\/p>\n<p class=\"link-more\"><a href=\"https:\/\/peauxdebananes.fr\/index.php\/hey-viens-voir-ce-que-je-fais\/\" class=\"more-link\">Continuer la lecture<span class=\"screen-reader-text\"> de &laquo;&nbsp;Hey, viens voir ce que je fais !&nbsp;&raquo;<\/span><\/a><\/p>\n","protected":false},"author":1,"featured_media":0,"parent":0,"menu_order":0,"comment_status":"closed","ping_status":"closed","template":"","meta":{"footnotes":""},"class_list":["post-230","page","type-page","status-publish","hentry"],"_links":{"self":[{"href":"https:\/\/peauxdebananes.fr\/index.php\/wp-json\/wp\/v2\/pages\/230","targetHints":{"allow":["GET"]}}],"collection":[{"href":"https:\/\/peauxdebananes.fr\/index.php\/wp-json\/wp\/v2\/pages"}],"about":[{"href":"https:\/\/peauxdebananes.fr\/index.php\/wp-json\/wp\/v2\/types\/page"}],"author":[{"embeddable":true,"href":"https:\/\/peauxdebananes.fr\/index.php\/wp-json\/wp\/v2\/users\/1"}],"replies":[{"embeddable":true,"href":"https:\/\/peauxdebananes.fr\/index.php\/wp-json\/wp\/v2\/comments?post=230"}],"version-history":[{"count":11,"href":"https:\/\/peauxdebananes.fr\/index.php\/wp-json\/wp\/v2\/pages\/230\/revisions"}],"predecessor-version":[{"id":364,"href":"https:\/\/peauxdebananes.fr\/index.php\/wp-json\/wp\/v2\/pages\/230\/revisions\/364"}],"wp:attachment":[{"href":"https:\/\/peauxdebananes.fr\/index.php\/wp-json\/wp\/v2\/media?parent=230"}],"curies":[{"name":"wp","href":"https:\/\/api.w.org\/{rel}","templated":true}]}}